5*n**2 - 4*n + 2. Let b(j) = -7*j**3 + 11*j**2 + 9*j - 5. Let s(p) = -2*b(p) - 5*g(p). Give s(3).
6
Suppose 0 = -2*f - 3*f. Suppose f = 5*j + 9 + 6. Let v(g) = g**2 + g + 3. Calculate v(j).
9
Suppose 2*q = 3*l - 3 + 1, q = 2*l - 3. Suppose 7*g - 3*g - 20 = -3*a, -5*g - 2*a = -18. Let h(z) = -4 - 2*z**2 + 4*z**g - 3*z**2 + 4*z. What is h(q)?
-9
Suppose 0 = -l - 2*c - 3, -l - 5 = 7*c - 4*c. Let z(q) = -1 + l - q**2. Let s = 15 - 12. What is z(s)?
-9
Let u(i) = 2*i - 1. Let a(y) = -y**2 - 5*y - 4. Let n be a(-3). Suppose 2*j = -n*j + 20. What is u(j)?
9
Let a(v) = -v**3 + 10*v**2 - 12*v + 22. Let o be a(9). Let q(f) = f + 2. Give q(o).
-3
Let i(z) = -z**2 - 3*z + 2. Let d(w) = -3*w. Let u be d(1). Let a = u + 0. Determine i(a).
2
Let d(m) = -m. Let r(w) = w**2 - 5*w + 4. Let s(h) = -2*d(h) + r(h). Determine s(5).
14
Let n = -11 - -17. Let t(j) = 2*j - 9. Determine t(n).
3
Let a = -47/3 - -63/4. Let b(t) be the third derivative of 0*t - 2*t**2 + 0 + 5/24*t**4 - a*t**5 - 1/3*t**3 - 1/120*t**6. Give b(-6).
4
Let n(a) = 1. Let m(u) = 3*u + 16 - 4*u - 4 - u. Let f(q) = m(q) - 4*n(q). Determine f(6).
-4
Let k(c) = -c + 6. Let p be k(7). Let n = 2 + p. Let z(o) = -5*o**3 - 1 + 7*o**3 - 5*o**3. What is z(n)?
-4
Let g(k) = -47*k + 2*k**2 - k**3 - 1 + 47*k. Suppose 0 = -2*o - 3*j - 4, o + 2*j = -3. What is g(o)?
0
Let l(k) be the third derivative of k**5/15 - k**4/12 - k**3/6 - 12*k**2. Determine l(-1).
5
Let o(m) = 9*m + 3*m**2 - m**3 - 7*m - 4 - 5*m + 2*m**2. What is o(4)?
0
Let j(i) be the third derivative of -i**6/120 + i**5/30 + i**3/2 - 6*i**2. Calculate j(3).
-6
Let n(p) = p**2 + 7*p - 4. Suppose 4*j + 4*c = -40, 0 = 5*j - c - 7 + 39. Give n(j).
-4
Let s(r) = r. Let d(g) = 6*g + 4. Let v(h) = 2*d(h) - 10*s(h). Let l(u) = -19*u**2 + 1. Let a be l(1). Let i be (a/(-4))/((-3)/4). Give v(i).
-4
Let b(l) = 3*l**2 - 5*l + 6. Let c(i) = -i**2 - 1. Let a(k) = b(k) + 4*c(k). Let m be 10/(-1) + 0 + 1. Let f = m + 4. What is a(f)?
2
Let j(m) = 15*m - m**2 + m - 7*m + 3*m**3 + 1 - 10*m. What is j(2)?
19
Let l = 7 + -7. Suppose 3*i + l*x + 22 = x, 2*i + 16 = x. Let g(r) = -r - 2. Determine g(i).
4
Suppose 3*c - 3*q = -6, 4*c + 8 = c + 4*q. Suppose -6 = -2*x + 2. Let n(m) = 2*m**2 + 7 - 2*m**2 - x - m**2. Calculate n(c).
3
Let g(w) = -2*w + 2*w + w - 1. Suppose -30 + 6 = -3*m. Let h be 9/(-4) - (-2)/m. What is g(h)?
-3
Let v(m) = -m**2 + m - 2. Let s be 2 + 6 - 8/2. Suppose 0 = -s*q + f, 2*f = 3*q - 2*q. Give v(q).
-2
Suppose -48 = -3*g + 11*g. Let u(o) = o**2 + 6*o + 6. Determine u(g).
6
Let q(u) = 3*u**2 + 8*u - 1. Let g(t) = 8*t**2 + 9*t - 1. Let x(j) = 15*j**2 + 19*j - 2. Let p(r) = 5*g(r) - 3*x(r). Let i(o) = 5*p(o) + 8*q(o). Calculate i(5).
-8
Let d be (-6)/27 + (-184)/(-18). Let i = 13 - d. Let x(y) = -5*y + 4. What is x(i)?
-11
Let u(f) be the second derivative of -f**5/60 + 7*f**4/24 - f**3 - f**2 + 2*f. Let y(z) be the first derivative of u(z). Let i = 5 + 0. Determine y(i).
4
Let n(p) = p**2 - 6*p. Suppose 5*z = 23 - 8. Suppose 16 = 5*y + z*h, 2*y - 8 = -2*y - 4*h. Calculate n(y).
-5
Let c(q) be the second derivative of -q**3/6 + q**2/2 + 35*q. Give c(2).
-1
Let l(c) = -45*c + 23*c + 9 + c**2 + 30*c. Give l(-7).
2
Let t(k) = -2*k + 6*k**2 - 4*k - k**2 + 1 - 4*k**2. Suppose -c + 3*c = 4, 3*c = 2*r - 6. What is t(r)?
1
Let v(n) = n**3 - 6*n**2 + n - 5. Suppose -3 - 9 = -4*b. Let y be 2*b/3 + 4. Calculate v(y).
1
Suppose 0 = 9*u - 7*u - 6. Let b(x) = -x + 3. Give b(u).
0
Let f(b) be the second derivative of b**5/20 + b**4/3 + 2*b**3/3 + b**2/2 - b. Suppose -s - 4*z + 2 = -12, -3*s - 2*z = 8. Let q = 3 + s. Calculate f(q).
-2
Let t(r) = -3*r - 2. Let f(u) = -u**2 + 10*u - 4. Let i be f(10). Calculate t(i).
10
Let a(n) = -14*n - 16*n + 31*n. Calculate a(-8).
-8
Suppose 0 = 3*f - 5*u - 27, -2*f - 17 = -4*f + 3*u. Let t be 1 + -1 - 2 - -12. Let j(b) = -6 + t*b + f + 3. Determine j(-1).
-9
Let g(v) = -5*v - 1. Let f be g(-1). Suppose f = x + x. Suppose k - 5 = x*k. Let n(d) = -d - 5. Give n(k).
0
Let o = 13 - 7. Let x(f) = -f + 4. Let g(p) = -3. Let u(h) = 3*g(h) + 2*x(h). Give u(o).
-13
Let j(b) = -2*b + 19. Let o be j(11). Let v(t) = -2*t. Give v(o).
6
Let l be 3*-1 - (1 - 5). Let c(v) = -2*v - 1. Let s(d) = d. Let i(g) = l*s(g) + c(g). What is i(1)?
-2
Let u(d) be the first derivative of d**3/3 + d**2 - 3*d - 6. Give u(4).
21
Let u(y) = y. Let l be (2 + -1)*-1 + 8. Calculate u(l).
7
Suppose -4*s - 3*g = -0*s - 21, 9 = s - 3*g. Let v(l) = -2*l + 9. Calculate v(s).
-3
Let o = 7 - 5. Suppose -o = -3*m - 14. Let w(s) = s. Calculate w(m).
-4
Let i(m) = 4*m**2 - 10*m - 4. Let t(u) = -3*u**2 + 7*u + 3. Let a(g) = -5*i(g) - 7*t(g). What is a(-1)?
-1
Let z(m) = -m**3 + 2*m**2 + 2*m + 1. Let x be (-6*1)/(12/(-6)). Let l be z(x). Let k(q) = q**3 + 3*q**2 + q. Calculate k(l).
2
Let n = 107 + -107. Let f(j) = j**2 + j + 4. Determine f(n).
4
Suppose 0 = 5*y + 4*i - 6, -13 = 37*y - 41*y + 5*i. Let f(m) = -m**2 + 1. Let w(h) = 3*h**2 + 2*h - 6. Let x(l) = 5*f(l) + w(l). What is x(y)?
-5
Suppose -18 = 3*d - 3*x + 9, 0 = 5*x - 5. Let q(a) = -a**2 - 10*a - 1. Calculate q(d).
15
Let t(n) = 15*n**3 - 5*n**2 + 2 + 5*n + 2*n**2 - 16*n**3. Determine t(-4).
-2
Let b(g) = 2*g**2 - g. Suppose -4*c - 5 = -w, 5*w - w - 7 = 3*c. Give b(w).
1
Let h(k) be the second derivative of k**8/6720 + k**7/840 + k**6/720 + k**5/30 - k**4/6 + 8*k. Let p(r) be the third derivative of h(r). Give p(-3).
1
Let k(v) = -v**2 + 7*v - 5. Suppose 5*b + 5*o - 1 - 19 = 0, -2*b + 11 = o. Calculate k(b).
-5
Let j(z) be the second derivative of -z**5/20 + z**4/12 + z**3/2 + z**2/2 + z. Let f be 12/(-9) + 4/(-6). What is j(f)?
7
Let j(g) = g**3 + 3*g**2 - 5*g + 2. Let o = 44 - 48. What is j(o)?
6
Let w(q) = q + 3. Suppose s - 8 = l + 5, -5*s + 4*l + 62 = 0. Let t be (-2)/(-5) - 64/s. What is w(t)?
-3
Let c(l) = -3*l**3 + 7*l**2 - 7*l - 3. Let s(y) = 4*y**3 - 7*y**2 + 8*y + 2. Let u(i) = -3*c(i) - 2*s(i). Determine u(6).
-1
Let b(n) = -4*n**2 + 1. Let y be 0 + 3 + -4 + 17. Let m be (1 + -2)*(y - 15). Determine b(m).
-3
Let i(s) = -2*s**3 - 7*s**2 - 4. Let d(h) = 2*h**3 + 8*h**2 + 5. Let y(g) = 5*d(g) + 6*i(g). Give y(1).
-3
Let q(i) = -2*i + 3*i + 3*i + i. What is q(1)?
5
Let q be 2*(-1 + 1 + -2). Let w be (-18)/21 + q/28. Let t(o) = -o - 1. Determine t(w).
0
Suppose -11 - 10 = 3*t. Let l be 2/t + (-112)/(-49). Let u(k) = 1 - k - 2 - k**3 + 2*k. Determine u(l).
-7
Let c(r) = 2*r - 13. Let x(i) = -i + 6. Let d(w) = -3*c(w) - 7*x(w). Let m = -7 - -10. Determine d(m).
0
Let m(x) be the third derivative of -x**7/2520 + 7*x**6/720 - x**5/15 + x**4/8 + 3*x**2. Let t(c) be the second derivative of m(c). What is t(6)?
-2
Let s(m) = 2*m**3 - 3*m**2 + 1. Let o = -11 + 17. Suppose 4*v + 0*d + 28 = -4*d, -5*v = 2*d + 26. Let a = v + o. What is s(a)?
5
Let k(p) = -p**3 - 3*p**2 - 2*p - 3. Let y be k(-2). Let t = -10 - -16. Let v(l) = -2*l**2 - t + 3*l + 9 + 3*l**2. Determine v(y).
3
Let t(c) = -6*c**3 + 2*c**2 - 1. Let o be 1/(1/2) + -1. Let l be 2/(-5)*-5 - 2. Let g = l - o. What is t(g)?
7
Let z(o) be the third derivative of o**4/24 + o**3 + o**2. Suppose -5*g - 15 = -0*g. Give z(g).
3
Let m(p) = 3*p + 3 - 9*p**2 + p + 8*p**2. Suppose -4*f - 2*i + 14 = 2, 3*f - 4*i = 9. What is m(f)?
6
Let s = -7 - -11. Let o(i) = -i**3 + 0*i**3 - 2 + i + s. Let r be 2/(-3) + 8/12. What is o(r)?
2
Let s(v) = -v**2 + 7*v + 1. Let x be s(8). Let b(z) = -7*z. Let q(r) = 8*r - 1. Let f(j) = x*b(j) - 6*q(j). What is f(-5)?
1
Let a be (-23)/7 + 20/70. Let l(q) = -2*q + 0 - q**2 + 2 + 0. Give l(a).
-1
Suppose -5*n + 18 = 3*r, 3*r = n - 4*n + 12. Let f(d) = d. Let k(a) = 2*a. Let v = 3 - 4. Let b(p) = v*k(p) + 3*f(p). Calculate b(n).
3
Suppose 1 = -2*i + 7. Let k(q) = -3*q + 2*q + 3*q. Calculate k(i).
6
Let t(w) be the first derivative of -w**3/3 - 4*w**2 - 4*w - 36. What is t(-4)?
12
Let r(a) = -2*a - 9. Let k(v) = 3*v + 17. Let o(t) = 3*k(t) + 5*r(t). Determine o(5).
1
Suppose -5*h + 12 = -2*h. Let p be 3 + -5*h/(-10). Let y(f) = -f**2 + 5*f - 5. Determine y(p).
-5
Let u(b) = -13*b**2 - 15*b + 17. Let f(d) = -3*d**2 - 4*d + 4. Let c(r) = -9*f(r) + 2*u(r). Suppose 3*s - 4*l = -23, -3*s + 2*s - 3*l + 1 = 0. Give c(s).
-7
Let l(g) = g**3 - 17*g**2 + 17*g - 18. Let b be l(16). Let t(a) = 7*a + 2. What is t(b)?
-12
Let b(i) be the first derivative 